[INFO] fetching crate bndl 0.1.3...
[INFO] checking bndl-0.1.3 against master#e6e4f7ed1589e03bc2f6c5931c1a72e7947e8682 for beta-170-4
[INFO] extracting crate bndl 0.1.3 into /workspace/builds/worker-6-tc2/source
[INFO] validating manifest of crates.io crate bndl 0.1.3 on toolchain e6e4f7ed1589e03bc2f6c5931c1a72e7947e8682
[INFO] running `Command { std: CARGO_HOME="/workspace/cargo-home" RUSTUP_HOME="/workspace/rustup-home" "/workspace/cargo-home/bin/cargo" "+e6e4f7ed1589e03bc2f6c5931c1a72e7947e8682" "metadata" "--manifest-path" "Cargo.toml" "--no-deps", kill_on_drop: false }`
[INFO] started tweaking crates.io crate bndl 0.1.3
[INFO] finished tweaking crates.io crate bndl 0.1.3
[INFO] tweaked toml for crates.io crate bndl 0.1.3 written to /workspace/builds/worker-6-tc2/source/Cargo.toml
[INFO] crate crates.io crate bndl 0.1.3 already has a lockfile, it will not be regenerated
[INFO] running `Command { std: CARGO_HOME="/workspace/cargo-home" RUSTUP_HOME="/workspace/rustup-home" "/workspace/cargo-home/bin/cargo" "+e6e4f7ed1589e03bc2f6c5931c1a72e7947e8682" "fetch" "--manifest-path" "Cargo.toml", kill_on_drop: false }`
[INFO] running `Command { std: "docker" "create" "-v" "/var/lib/crater-agent-workspace/builds/worker-6-tc2/target:/opt/rustwide/target:rw,Z" "-v" "/var/lib/crater-agent-workspace/builds/worker-6-tc2/source:/opt/rustwide/workdir:ro,Z" "-v" "/var/lib/crater-agent-workspace/cargo-home:/opt/rustwide/cargo-home:ro,Z" "-v" "/var/lib/crater-agent-workspace/rustup-home:/opt/rustwide/rustup-home:ro,Z" "-e" "SOURCE_DIR=/opt/rustwide/workdir" "-e" "CARGO_TARGET_DIR=/opt/rustwide/target" "-e" "CARGO_HOME=/opt/rustwide/cargo-home" "-e" "RUSTUP_HOME=/opt/rustwide/rustup-home" "-w" "/opt/rustwide/workdir" "-m" "1610612736" "--user" "0:0" "--network" "none" "ghcr.io/rust-lang/crates-build-env/linux@sha256:19e73879b68f455e41552ea35293514db52ea292d993f571636dbffedb77a1ee" "/opt/rustwide/cargo-home/bin/cargo" "+e6e4f7ed1589e03bc2f6c5931c1a72e7947e8682" "metadata" "--no-deps" "--format-version=1", kill_on_drop: false }`
[INFO] [stdout] a269d03a3bb845a381d3758865273f6c5db7884b4ed1702488ef457d1dc46387
[INFO] running `Command { std: "docker" "start" "-a" "a269d03a3bb845a381d3758865273f6c5db7884b4ed1702488ef457d1dc46387", kill_on_drop: false }`
[INFO] running `Command { std: "docker" "inspect" "a269d03a3bb845a381d3758865273f6c5db7884b4ed1702488ef457d1dc46387", kill_on_drop: false }`
[INFO] running `Command { std: "docker" "rm" "-f" "a269d03a3bb845a381d3758865273f6c5db7884b4ed1702488ef457d1dc46387", kill_on_drop: false }`
[INFO] [stdout] a269d03a3bb845a381d3758865273f6c5db7884b4ed1702488ef457d1dc46387
[INFO] running `Command { std: "docker" "create" "-v" "/var/lib/crater-agent-workspace/builds/worker-6-tc2/target:/opt/rustwide/target:rw,Z" "-v" "/var/lib/crater-agent-workspace/builds/worker-6-tc2/source:/opt/rustwide/workdir:ro,Z" "-v" "/var/lib/crater-agent-workspace/cargo-home:/opt/rustwide/cargo-home:ro,Z" "-v" "/var/lib/crater-agent-workspace/rustup-home:/opt/rustwide/rustup-home:ro,Z" "-e" "SOURCE_DIR=/opt/rustwide/workdir" "-e" "CARGO_TARGET_DIR=/opt/rustwide/target" "-e" "CARGO_INCREMENTAL=0" "-e" "RUST_BACKTRACE=full" "-e" "RUSTFLAGS=--cap-lints=forbid" "-e" "RUSTDOCFLAGS=--cap-lints=forbid" "-e" "CARGO_HOME=/opt/rustwide/cargo-home" "-e" "RUSTUP_HOME=/opt/rustwide/rustup-home" "-w" "/opt/rustwide/workdir" "-m" "1610612736" "--user" "0:0" "--network" "none" "ghcr.io/rust-lang/crates-build-env/linux@sha256:19e73879b68f455e41552ea35293514db52ea292d993f571636dbffedb77a1ee" "/opt/rustwide/cargo-home/bin/cargo" "+e6e4f7ed1589e03bc2f6c5931c1a72e7947e8682" "check" "--frozen" "--all" "--all-targets" "--message-format=json", kill_on_drop: false }`
[INFO] [stdout] 439fa4e7cd7eb539bf2931e2986b057e75b28822fb8ca38adf5cd0b68ace3de3
[INFO] running `Command { std: "docker" "start" "-a" "439fa4e7cd7eb539bf2931e2986b057e75b28822fb8ca38adf5cd0b68ace3de3", kill_on_drop: false }`
[INFO] [stderr]     Checking once_cell v1.12.0
[INFO] [stderr]    Compiling libc v0.2.126
[INFO] [stderr]    Compiling futures-channel v0.3.21
[INFO] [stderr]    Compiling futures-util v0.3.21
[INFO] [stderr]    Compiling serde_derive v1.0.137
[INFO] [stderr]    Compiling serde v1.0.137
[INFO] [stderr]     Checking hashbrown v0.12.1
[INFO] [stderr]    Compiling syn v1.0.98
[INFO] [stderr]     Checking try-lock v0.2.3
[INFO] [stderr]     Checking http-body v0.4.5
[INFO] [stderr]    Compiling serde_json v1.0.81
[INFO] [stderr]    Compiling semver v1.0.10
[INFO] [stderr]     Checking digest v0.9.0
[INFO] [stderr]     Checking block-buffer v0.9.0
[INFO] [stderr]     Checking dirs-sys-next v0.1.2
[INFO] [stderr]     Checking hex v0.4.3
[INFO] [stderr]     Checking want v0.3.0
[INFO] [stderr]    Compiling pin-project-internal v0.4.29
[INFO] [stderr]     Checking tracing-core v0.1.28
[INFO] [stderr]     Checking crypto-mac v0.11.1
[INFO] [stderr]     Checking dirs-next v2.0.0
[INFO] [stderr]     Checking shlex v1.1.0
[INFO] [stderr]     Checking zeroize v1.5.5
[INFO] [stderr]     Checking sha2 v0.9.9
[INFO] [stderr]     Checking unicode-normalization v0.1.20
[INFO] [stderr]     Checking md-5 v0.9.1
[INFO] [stderr]     Checking hmac v0.11.0
[INFO] [stderr]     Checking filetime v0.2.16
[INFO] [stderr]     Checking xattr v0.2.3
[INFO] [stderr]     Checking regex-syntax v0.6.26
[INFO] [stderr]     Checking miniz_oxide v0.5.3
[INFO] [stderr]     Checking terminal_size v0.1.17
[INFO] [stderr]     Checking unicode-width v0.1.9
[INFO] [stderr]     Checking xml-rs v0.8.4
[INFO] [stderr]     Checking number_prefix v0.4.0
[INFO] [stderr]     Checking tar v0.4.38
[INFO] [stderr]     Checking same-file v1.0.6
[INFO] [stderr]     Checking md-5 v0.10.1
[INFO] [stderr]     Checking walkdir v2.3.2
[INFO] [stderr]     Checking tracing v0.1.35
[INFO] [stderr]    Compiling rustc_version v0.4.0
[INFO] [stderr]     Checking indexmap v1.9.1
[INFO] [stderr]    Compiling jobserver v0.1.24
[INFO] [stderr]     Checking idna v0.2.3
[INFO] [stderr]    Compiling rusoto_core v0.47.0
[INFO] [stderr]    Compiling cc v1.0.73
[INFO] [stderr]     Checking flate2 v1.0.24
[INFO] [stderr]     Checking url v2.2.2
[INFO] [stderr]     Checking regex v1.5.6
[INFO] [stderr]    Compiling ring v0.16.20
[INFO] [stderr]    Compiling zstd-sys v2.0.1+zstd.1.5.2
[INFO] [stderr]     Checking console v0.15.0
[INFO] [stderr]    Compiling darling_core v0.13.4
[INFO] [stderr]    Compiling tokio-macros v1.8.0
[INFO] [stderr]    Compiling futures-macro v0.3.21
[INFO] [stderr]    Compiling async-trait v0.1.56
[INFO] [stderr]    Compiling pin-project-internal v1.0.10
[INFO] [stderr]    Compiling derive-new v0.5.9
[INFO] [stderr]     Checking sct v0.6.1
[INFO] [stderr]     Checking webpki v0.21.4
[INFO] [stderr]     Checking ct-logs v0.8.0
[INFO] [stderr]     Checking rustls v0.19.1
[INFO] [stderr]     Checking tokio v1.19.2
[INFO] [stderr]    Compiling darling_macro v0.13.4
[INFO] [stderr]     Checking pin-project v1.0.10
[INFO] [stderr]     Checking pin-project v0.4.29
[INFO] [stderr]     Checking rustls-native-certs v0.5.0
[INFO] [stderr]    Compiling darling v0.13.4
[INFO] [stderr]    Compiling serde_with_macros v1.5.2
[INFO] [stderr]     Checking futures-executor v0.3.21
[INFO] [stderr]     Checking futures v0.3.21
[INFO] [stderr]     Checking futures_codec v0.4.1
[INFO] [stderr]     Checking tokio-util v0.7.3
[INFO] [stderr]     Checking tokio-rustls v0.22.0
[INFO] [stderr]     Checking tokio-stream v0.1.9
[INFO] [stderr]     Checking indicatif v0.17.0-rc.11
[INFO] [stderr]     Checking tokio-tar v0.3.0
[INFO] [stderr]     Checking h2 v0.3.13
[INFO] [stderr]     Checking chrono v0.4.19
[INFO] [stderr]     Checking envy v0.4.2
[INFO] [stderr]     Checking serde_with v1.14.0
[INFO] [stderr]     Checking hyper v0.14.19
[INFO] [stderr]     Checking rusoto_credential v0.47.0
[INFO] [stderr]     Checking hyper-rustls v0.22.1
[INFO] [stderr]     Checking hyperlocal v0.8.0
[INFO] [stderr]     Checking shiplift v0.7.0
[INFO] [stderr]     Checking rusoto_signature v0.47.0
[INFO] [stderr]     Checking rusoto_s3 v0.47.0
[INFO] [stderr]    Compiling zstd-safe v5.0.2+zstd.1.5.2
[INFO] [stderr]     Checking zstd v0.11.2+zstd.1.5.2
[INFO] [stderr]     Checking async-compression v0.3.14
[INFO] [stderr]     Checking bndl v0.1.3 (/opt/rustwide/workdir)
[INFO] [stdout] error[E0432]: unresolved import `shiplift::image`
[INFO] [stdout]  --> src/docker.rs:5:16
[INFO] [stdout]   |
[INFO] [stdout] 5 | use shiplift::{image::ImageBuildChunk, PullOptions};
[INFO] [stdout]   |                ^^^^^ could not find `image` in `shiplift`
[INFO] [stdout] 
[INFO] [stdout] 
[INFO] [stdout] error[E0432]: unresolved import `shiplift::image`
[INFO] [stdout]  --> src/docker.rs:5:16
[INFO] [stdout]   |
[INFO] [stdout] 5 | use shiplift::{image::ImageBuildChunk, PullOptions};
[INFO] [stdout]   |                ^^^^^ could not find `image` in `shiplift`
[INFO] [stdout] 
[INFO] [stdout] 
[INFO] [stdout] error[E0599]: no method named `next` found for struct `Entries` in the current scope
[INFO] [stdout]    --> src/lib.rs:101:36
[INFO] [stdout]     |
[INFO] [stdout] 101 |             while let Some(entry) = entries.next().await {
[INFO] [stdout]     |                                             ^^^^ private field, not a method
[INFO] [stdout]     |
[INFO] [stdout]     = help: items from traits can only be used if the trait is in scope
[INFO] [stdout] help: the following traits are implemented but not in scope; perhaps add a `use` for one of them:
[INFO] [stdout]     |
[INFO] [stdout] 3   + use futures::StreamExt;
[INFO] [stdout]     |
[INFO] [stdout] 3   + use rusoto_core::proto::xml::util::Next;
[INFO] [stdout]     |
[INFO] [stdout] 3   + use serde_json::read::Read;
[INFO] [stdout]     |
[INFO] [stdout] 3   + use std::iter::Iterator;
[INFO] [stdout]     |
[INFO] [stdout]       and 2 other candidates
[INFO] [stdout] 
[INFO] [stdout] 
[INFO] [stdout] error[E0599]: no method named `next` found for struct `Entries` in the current scope
[INFO] [stdout]    --> src/lib.rs:101:36
[INFO] [stdout]     |
[INFO] [stdout] 101 |             while let Some(entry) = entries.next().await {
[INFO] [stdout]     |                                             ^^^^ private field, not a method
[INFO] [stdout]     |
[INFO] [stdout]     = help: items from traits can only be used if the trait is in scope
[INFO] [stdout] help: the following traits are implemented but not in scope; perhaps add a `use` for one of them:
[INFO] [stdout]     |
[INFO] [stdout] 3   + use futures::StreamExt;
[INFO] [stdout]     |
[INFO] [stdout] 3   + use rusoto_core::proto::xml::util::Next;
[INFO] [stdout]     |
[INFO] [stdout] 3   + use serde_json::read::Read;
[INFO] [stdout]     |
[INFO] [stdout] 3   + use std::iter::Iterator;
[INFO] [stdout]     |
[INFO] [stdout]       and 2 other candidates
[INFO] [stdout] 
[INFO] [stdout] 
[INFO] [stdout] error[E0277]: the trait bound `futures::stream::Map<ReaderStream<DuplexStream>, [closure@src/docker.rs:53:87: 53:90]>: std::io::Read` is not satisfied
[INFO] [stdout]    --> src/docker.rs:53:13
[INFO] [stdout]     |
[INFO] [stdout] 53  |                 .import(tokio_util::io::ReaderStream::with_capacity(reader, 16 * 1024 * 1024).map(|x| x.map(|bytes| bytes.as_ref(...
[INFO] [stdout]     |                  ------ ^^^^^^^^^^^^^^^^^^^^^^^^^^^^^^^^^^^^^^^^^^^^^^^^^^^^^^^^^^^^^^^^^^^^^^^^^^^^^^^^^^^^^^^^^^^^^^^^^^^^^^^^^^^^^^^^^^^^^^^ the trait `std::io::Read` is not implemented for `futures::stream::Map<ReaderStream<DuplexStream>, [closure@src/docker.rs:53:87: 53:90]>`
[INFO] [stdout]     |                  |
[INFO] [stdout]     |                  required by a bound introduced by this call
[INFO] [stdout]     |
[INFO] [stdout] note: required by a bound in `Images::<'docker>::import`
[INFO] [stdout]    --> /opt/rustwide/cargo-home/registry/src/index.crates.io-6f17d22bba15001f/shiplift-0.7.0/src/lib.rs:266:12
[INFO] [stdout]     |
[INFO] [stdout] 261 |     pub fn import<R>(
[INFO] [stdout]     |            ------ required by a bound in this associated function
[INFO] [stdout] ...
[INFO] [stdout] 266 |         R: Read + Send + 'docker,
[INFO] [stdout]     |            ^^^^ required by this bound in `Images::<'docker>::import`
[INFO] [stdout] 
[INFO] [stdout] 
[INFO] [stdout] error[E0277]: the trait bound `futures::stream::Map<ReaderStream<DuplexStream>, [closure@src/docker.rs:53:87: 53:90]>: std::io::Read` is not satisfied
[INFO] [stdout]    --> src/docker.rs:53:13
[INFO] [stdout]     |
[INFO] [stdout] 53  |                 .import(tokio_util::io::ReaderStream::with_capacity(reader, 16 * 1024 * 1024).map(|x| x.map(|bytes| bytes.as_ref(...
[INFO] [stdout]     |                  ------ ^^^^^^^^^^^^^^^^^^^^^^^^^^^^^^^^^^^^^^^^^^^^^^^^^^^^^^^^^^^^^^^^^^^^^^^^^^^^^^^^^^^^^^^^^^^^^^^^^^^^^^^^^^^^^^^^^^^^^^^ the trait `std::io::Read` is not implemented for `futures::stream::Map<ReaderStream<DuplexStream>, [closure@src/docker.rs:53:87: 53:90]>`
[INFO] [stdout]     |                  |
[INFO] [stdout]     |                  required by a bound introduced by this call
[INFO] [stdout]     |
[INFO] [stdout] note: required by a bound in `Images::<'docker>::import`
[INFO] [stdout]    --> /opt/rustwide/cargo-home/registry/src/index.crates.io-6f17d22bba15001f/shiplift-0.7.0/src/lib.rs:266:12
[INFO] [stdout]     |
[INFO] [stdout] 261 |     pub fn import<R>(
[INFO] [stdout]     |            ------ required by a bound in this associated function
[INFO] [stdout] ...
[INFO] [stdout] 266 |         R: Read + Send + 'docker,
[INFO] [stdout]     |            ^^^^ required by this bound in `Images::<'docker>::import`
[INFO] [stdout] 
[INFO] [stdout] 
[INFO] [stdout] error: aborting due to 3 previous errors
[INFO] [stdout] 
[INFO] [stdout] 
[INFO] [stdout] Some errors have detailed explanations: E0277, E0432, E0599.
[INFO] [stdout] 
[INFO] [stdout] For more information about an error, try `rustc --explain E0277`.
[INFO] [stdout] 
[INFO] [stdout] error: aborting due to 3 previous errors
[INFO] [stdout] 
[INFO] [stdout] 
[INFO] [stdout] Some errors have detailed explanations: E0277, E0432, E0599.
[INFO] [stdout] 
[INFO] [stdout] For more information about an error, try `rustc --explain E0277`.
[INFO] [stdout] 
[INFO] [stderr] error: could not compile `bndl` (lib) due to 4 previous errors
[INFO] [stderr] warning: build failed, waiting for other jobs to finish...
[INFO] [stderr] error: could not compile `bndl` (lib test) due to 4 previous errors
[INFO] running `Command { std: "docker" "inspect" "439fa4e7cd7eb539bf2931e2986b057e75b28822fb8ca38adf5cd0b68ace3de3", kill_on_drop: false }`
[INFO] running `Command { std: "docker" "rm" "-f" "439fa4e7cd7eb539bf2931e2986b057e75b28822fb8ca38adf5cd0b68ace3de3", kill_on_drop: false }`
[INFO] [stdout] 439fa4e7cd7eb539bf2931e2986b057e75b28822fb8ca38adf5cd0b68ace3de3
